git of 8713?
7
What is the tens digit of 3189?
8
What is the units digit of 27623?
3
What is the units digit of 1103?
3
What is the thousands digit of 21146?
1
What is the thousands digit of 15807?
5
What is the tens digit of 13118?
1
What is the units digit of 717?
7
What is the tens digit of 1679?
7
What is the thousands digit of 3415?
3
What is the thousands digit of 18724?
8
What is the hundreds digit of 2601?
6
What is the tens digit of 1448?
4
What is the tens digit of 1459?
5
What is the tens digit of 19179?
7
What is the hundreds digit of 11112?
1
What is the hundreds digit of 30905?
9
What is the thousands digit of 67768?
7
What is the hundreds digit of 195?
1
What is the units digit of 7411?
1
What is the units digit of 2004?
4
What is the thousands digit of 3905?
3
What is the units digit of 8014?
4
What is the units digit of 42000?
0
What is the ten thousands digit of 61102?
6
What is the thousands digit of 1123?
1
What is the units digit of 14332?
2
What is the units digit of 12383?
3
What is the tens digit of 361?
6
What is the hundreds digit of 43219?
2
What is the hundreds digit of 82953?
9
What is the thousands digit of 1563?
1
What is the units digit of 29413?
3
What is the units digit of 584?
4
What is the hundreds digit of 26581?
5
What is the hundreds digit of 524?
5
What is the hundreds digit of 88381?
3
What is the tens digit of 19084?
8
What is the tens digit of 1714?
1
What is the hundreds digit of 5141?
1
What is the hundreds digit of 4902?
9
What is the tens digit of 3203?
0
What is the thousands digit of 16068?
6
What is the units digit of 35441?
1
What is the tens digit of 167?
6
What is the units digit of 5279?
9
What is the hundreds digit of 58082?
0
What is the thousands digit of 14931?
4
What is the thousands digit of 25349?
5
What is the tens digit of 570?
7
What is the units digit of 2155?
5
What is the thousands digit of 2515?
2
What is the hundreds digit of 379?
3
What is the thousands digit of 13764?
3
What is the thousands digit of 85539?
5
What is the units digit of 58297?
7
What is the hundreds digit of 1449?
4
What is the thousands digit of 6867?
6
What is the thousands digit of 29102?
9
What is the units digit of 98701?
1
What is the tens digit of 1357?
5
What is the units digit of 93638?
8
What is the hundreds digit of 6102?
1
What is the units digit of 5881?
1
What is the tens digit of 1851?
5
What is the tens digit of 20685?
8
What is the hundreds digit of 20724?
7
What is the hundreds digit of 1389?
3
What is the tens digit of 2429?
2
What is the hundreds digit of 617?
6
What is the thousands digit of 3207?
3
What is the hundreds digit of 1366?
3
What is the thousands digit of 98278?
8
What is the tens digit of 112309?
0
What is the tens digit of 19072?
7
What is the ten thousands digit of 37359?
3
What is the tens digit of 54140?
4
What is the ten thousands digit of 122316?
2
What is the hundreds digit of 2719?
7
What is the ten thousands digit of 11847?
1
What is the units digit of 5152?
2
What is the units digit of 9367?
7
What is the tens digit of 664?
6
What is the thousands digit of 156231?
6
What is the tens digit of 485?
8
What is the hundreds digit of 2702?
7
What is the units digit of 615?
5
What is the units digit of 6821?
1
What is the units digit of 11845?
5
What is the units digit of 12516?
6
What is the units digit of 2999?
9
What is the units digit of 283?
3
What is the units digit of 16246?
6
What is the hundreds digit of 7837?
8
What is the units digit of 84?
4
What is the tens digit of 6824?
2
What is the hundreds digit of 6354?
3
What is the tens digit of 3988?
8
What is the tens digit of 4442?
4
What is the units digit of 269?
9
What is the tens digit of 11202?
0
What is the units digit of 78754?
4
What is the units digit of 1082?
2
What is the tens digit of 2710?
1
What is the tens digit of 1711?
1
What is the units digit of 1737?
7
What is the units digit of 66837?
7
What is the units digit of 835?
5
What is the hundreds digit of 17872?
8
What is the ten thousands digit of 32252?
3
What is the thousands digit of 4179?
4
What is the tens digit of 2629?
2
What is the units digit of 1997?
7
What is the hundreds digit of 20896?
8
What is the hundreds digit of 2348?
3
What is the hundreds digit of 4959?
9
What is the thousands digit of 1441?
1
What is the tens digit of 416?
1
What is the tens digit of 827?
2
What is the units digit of 745?
5
What is the ten thousands digit of 29574?
2
What is the tens digit of 1046?
4
What is the hundreds digit of 88870?
8
What is the hundreds digit of 533?
5
What is the tens digit of 9023?
2
What is the hundreds digit of 23153?
1
What is the thousands digit of 5974?
5
What is the tens digit of 8405?
0
What is the units digit of 447?
7
What is the units digit of 104698?
8
What is the hundreds digit of 1239?
2
What is the hundreds digit of 931?
9
What is the hundreds digit of 34890?
8
What is the hundreds digit of 58615?
6
What is the thousands digit of 2475?
2
What is the thousands digit of 38037?
8
What is the thousands digit of 44195?
4
What is the units digit of 1226?
6
What is the units digit of 83595?
5
What is the units digit of 63170?
0
What is the hundreds digit of 1272?
2
What is the units digit of 55410?
0
What is the units digit of 454?
4
What is the units digit of 114?
4
What is the units digit of 1002?
2
What is the tens digit of 2318?
1
What is the tens digit of 16985?
8
What is the thousands digit of 7548?
7
What is the thousands digit of 15104?
5
What is the hundreds digit of 58813?
8
What is the thousands digit of 7642?
7
What is the hundreds digit of 457?
4
What is the units digit of 4995?
5
What is the thousands digit of 12609?
2
What is the ten thousands digit of 88920?
8
What is the units digit of 13328?
8
What is the units digit of 20907?
7
What is the hundreds digit of 8759?
7
What is the hundreds digit of 1911?
9
What is the tens digit of 7051?
5
What is the units digit of 27789?
9
What is the hundreds digit of 2084?
0
What is the thousands digit of 9587?
9
What is the tens digit of 24053?
5
What is the thousands digit of 23290?
3
What is the thousands digit of 81961?
1
What is the tens digit of 724?
2
What is the thousands digit of 63273?
3
What is the units digit of 61475?
5
What is the hundreds digit of 705?
7
What is the units digit of 1441?
1
What is the units digit of 47387?
7
What is the units digit of 1481?
1
What is the thousands digit of 58778?
8
What is the hundreds digit of 15565?
5
What is the tens digit of 15113?
1
What is the tens digit of 31532?
3
What is the thousands digit of 16515?
6
What is the thousands digit of 2143?
2
What is the hundreds digit of 713?
7
What is the units digit of 142123?
3
What is the tens digit of 5556?
5
What is the hundreds digit of 38949?
9
What is the thousands digit of 5197?
5
What is the hundreds digit of 5565?
5
What is the hundreds digit of 3514?
5
What is the tens digit of 4304?
0
What is the tens digit of 53?
5
What is the hundreds digit of 60011?
0
What is the units digit of 1229?
9
What is the hundreds digit of 75125?
1
What is the thousands digit of 37145?
7
What is the units digit of 2540?
0
What is the hundreds digit of 1889?
8
What is the tens digit of 75?
7
What is the ten thousands digit of 74465?
7
What is the units digit of 11?
1
What is the thousands digit of 16315?
6
What is the thousands digit of 5490?
5
What is the units digit of 24852?
2
What is the units digit of 396?
6
What is the hundreds digit of 41902?
9
What is the hundreds digit of 1573?
5
What is the tens digit of 59130?
3
What is the hundreds digit of 47735?
7
What is the tens digit of 2645?
4
What is the tens digit of 407?
0
What is the hundreds digit of 1746?
7
What is the units digit of 5397?
7
What is the hundreds digit of 70524?
5
What is the thousands digit of 4786?
4
What is the hundreds digit of 846?
8
What is the thousands digit of 2452?
2
What is the thousands digit of 2409?
2
What is the units digit of 1121?
1
What is the tens digit of 12128?
2
What is the hundreds digit of 86639?
6
What is the tens digit of 25927?
2
What is the hundreds digit of 233?
2
What is the units digit of 19497?
7
What is the hundreds digit of 691?
6
What is the units digit of 588?
8
What is the units digit 